) = 7*d**2 + d. Let g be x(-1). Let s(i) be the third derivative of 0*i + 1/6*i**3 - 1/30*i**5 + 0*i**4 - 1/40*i**g - 3*i**2 + 0. Determine s(-1).
2
Let q(a) be the third derivative of a**4/24 - a**3 + 23*a**2 + 2. Determine q(0).
-6
Let f(n) = n + 5. Suppose -3*b - 5*i + 29 = 0, -2*i = b - 3 - 8. Suppose -4*j = -b*j + 14. Let c = j - -11. Give f(c).
2
Suppose -4 - 2 = -3*a. Suppose 2*t - a*g - 3*g = 30, 5*t + g - 21 = 0. Let r(v) = 3*v**2 - 3*v - 2*v**2 - 3*v + 4. Give r(t).
-1
Let a(x) be the third derivative of x**4/24 - 5*x**3/6 + 6*x**2. Let i = -118 + 122. Determine a(i).
-1
Let h(f) be the first derivative of f**4/2 + 4*f**3/3 + f**2 - 2*f - 97. Suppose 6 = -4*k + 2*v, 0 = 3*k + v + v + 8. Calculate h(k).
-6
Let k(b) be the third derivative of b**6/120 - b**5/60 - b**4/8 + b**3/2 + 32*b**2 - 2. Determine k(2).
1
Let a be -1 + (0 - 2) + 1. Let h(x) be the third derivative of 12*x**2 + 1/24*x**4 - 1/30*x**5 + 0 - 1/120*x**6 + 0*x - 1/3*x**3. What is h(a)?
-4
Let m(x) be the first derivative of -10*x**2 - 2*x + 448. What is m(-2)?
38
Let u(v) = 7*v**2 + 3*v + 1. Let m be u(-4). Let c = m - 56. Suppose -c = 5*q - 5*h, -20 = -4*h - 0*h. Let r(y) = -y**3 - 5*y**2 - 5*y - 5. Calculate r(q).
-1
Let n = -939 - -941. Let u(g) be the second derivative of g**n + 0 - 1/6*g**3 - 9*g. Determine u(3).
-1
Let g(s) = -6*s + 1. Let z = -17 - -13. Let o(t) = -t**2 + 4. Let x be o(z). Let a = x - -13. Calculate g(a).
-5
Let d = 13 + -5. Let x(s) = -4*s**2 + 0*s**2 - d*s**3 - 1 + 5*s**2. Determine x(-1).
8
Let z = -132 + 75. Let h = -57 - z. Let d(j) = 7*j**2 + j - 5. Let k(i) = i**2. Let n(t) = -d(t) + 6*k(t). Calculate n(h).
5
Let k(q) be the first derivative of 3*q + 2*q**2 + 1/4*q**4 - 4/3*q**3 + 7. Calculate k(4).
19
Let b(k) = 2*k + 1. Let y = -792 + 787. Determine b(y).
-9
Let v(k) = 2*k**2 - 8*k. Let r be v(4). Suppose -8 = -b + 5*t - 1, r = 2*b - 4*t - 2. Let n(j) = -5*j**2 - j**3 - 3*j + 8 - 7 - j + 2*j. Give n(b).
-11
Let q(n) be the first derivative of -n**3/3 - 4*n**2 + 16*n + 470. Calculate q(-9).
7
Let m(y) be the second derivative of -y**5/20 + y**4/12 + y**3/6 - 3*y**2 - 43*y. Determine m(0).
-6
Suppose 0 = -0*s - 5*s + 3*h + 26, -3*s - 2*h = -8. Let g(y) be the second derivative of -y**5/20 + y**4/6 + y**3 - 5*y**2/2 - y. Give g(s).
-13
Let l(s) = s + 5. Let q be (3 - (-35)/(-1))/(-2). Suppose 6*i = -2 - q. Calculate l(i).
2
Let w = -1127 + 1125. Let c(h) = h + 2*h**3 - 4*h - h**3 - 3 + 2*h**2. Give c(w).
3
Let q(k) = 2*k**2 + k. Let s = -183 - -184. Calculate q(s).
3
Let n(p) = p**2 - 9*p + 6. Let i(q) = 6 + q**2 + 6*q - 19*q + 2*q. Let c(k) = 4*i(k) - 5*n(k). Suppose 2*w = w. Calculate c(w).
-6
Let s(u) = u**2 - 10*u + 20. Suppose 0 = 8*d + 194 - 250. What is s(d)?
-1
Let p(k) = k**3 + 7*k**2 + 4*k - 2. Let j(h) = -118*h + 702. Let w be j(6). What is p(w)?
10
Let k(a) be the third derivative of a**6/120 - a**5/15 - a**4/12 + 112*a**2. Suppose -5*h + 8 = -2. Suppose s - 6 = -h. Give k(s).
-8
Let u = -33 + 39. Let v = -6 - -12. Let q(g) = -v*g - 3*g**2 + 4*g**2 + 3 - 4. Calculate q(u).
-1
Let s(q) = -q**3 + 9*q**2 - 8*q + 6. Suppose 0 = -4*y - c - 498, -y - 2*c = -0*c + 128. Let b = y - -132. Give s(b).
6
Let r(x) = -3*x**2 + x. Let g be r(1). Let q(w) = -9*w**3 - 4*w**2 + 9*w - 3. Let y(f) = 4*f**3 + 2*f**2 - 4*f + 1. Let u(s) = g*q(s) - 5*y(s). Calculate u(2).
-19
Let t be 26/(-4) - (-3)/6. Let w(z) be the first derivative of 1 + 1/3*z**3 - 2*z + 3*z**2. What is w(t)?
-2
Suppose -4*x - 31 = -5*c + 30, 0 = -5*c + 25. Let t(n) = -n**2 - 8*n + 4. What is t(x)?
-5
Let w(z) = z**2 - 5*z - 6. Suppose -4*g = 5*g - 45. What is w(g)?
-6
Let k be 11/(-11)*(3 + 0). Let l(v) = -7*v**2 - v - 2. Let r(t) = -20*t**2 - 3*t - 5. Let m(w) = -17*l(w) + 6*r(w). What is m(k)?
-2
Let l(y) = y**3 + 8*y**2 - 7*y + 13. Suppose -3*g + 0*a - 17 = 2*a, -13 = 2*g + a. Give l(g).
-5
Let v(q) = -q**2 - 5*q + 2. Let b = 75 + -73. Suppose -b = 4*k - 4*w + 2, 0 = -3*k - 5*w - 35. Calculate v(k).
2
Let o(t) = 5*t**3 + 29*t**2 - 10*t - 9. Let h(y) = -4*y**3 - 27*y**2 + 11*y + 9. Let j(q) = -6*h(q) - 5*o(q). Calculate j(16).
-9
Let o(y) be the second derivative of -y**4/12 + 7*y**3/3 + 8*y**2 + 27*y. Determine o(16).
-16
Let p(s) = s**3 - 4*s**2 - 6*s + 2. Let l = 358 - 353. Give p(l).
-3
Let u(y) = y - 6. Let d be u(8). Suppose -14 = d*r + 4*n, n + n = -2. Let p(g) = -2*g**2 - 8*g - 3. Determine p(r).
-13
Let x(q) = -8*q - 11. Let n(f) = 3*f + 4. Suppose 13*j + 3 = -3*y + 8*j, -y - 3*j = 5. Suppose 2 = 2*l - 20. Let k(c) = l*n(c) + y*x(c). Calculate k(-2).
-2
Let a = 2 - 3. Let l(t) = 69*t - 34*t + t**3 - 34*t - 2*t**2 + 2*t**2 + 1. What is l(a)?
-1
Let l = -16 + 9. Let x(h) = -3 - 14 + 7 - 3*h + 0*h. What is x(l)?
11
Let r(i) = -2*i**2 + 12*i + 7. Let k = 99 + -92. Calculate r(k).
-7
Let a(j) = j. Let x(z) = -z**2 + z - 3. Let g(i) = a(i) + x(i). Let f be (-12)/(-6) + 1 + -1. What is g(f)?
-3
Let r(b) = -96 + 23*b - 20*b + 100. What is r(-4)?
-8
Suppose 0 = 2*y - 3 - 7. Let z(w) = w**3 - 4 + w**2 - 4*w**2 - 3*w**2 + 6*w. Determine z(y).
1
Let k be 817/(-114) - (-2)/12. Let f(x) = -x. Let w be f(k). Let t(s) = s. Determine t(w).
7
Let i(h) be the third derivative of 17*h**4/24 + h**3/6 + 7*h**2 - 8. Calculate i(-1).
-16
Let z(t) be the third derivative of -7*t**5/60 + 3*t**4/8 - 19*t**3/6 - 3*t**2. Let v(h) = 4*h**2 - 4*h + 10. Let x(i) = -5*v(i) - 3*z(i). Determine x(6).
1
Let o(w) = w**3 - 2*w - 1. Let b = 1 - 2. Let i be ((-9)/b)/(3/3). Let y be 24/108 + 16/i. Determine o(y).
3
Suppose 0 = t + 2*t - 5*p + 20, p = -2*t + 4. Suppose 3*o - 12 = -t*o. Let j(f) = f**3 - 3*f**2 - 4*f - 2. Determine j(o).
-2
Let z(a) = 2*a + 7. Suppose -4*f - 2*q = -16, -5*f + 16 = 5*q - 4. Determine z(f).
15
Let j(m) = -m + 3. Let n be j(4). Let l(o) = -3555052*o + 3555052*o + 1 - 7*o**3. What is l(n)?
8
Let k(r) = -r**3 - 3*r**2 - 2*r + 3. Let d(j) be the first derivative of j**4/2 + j**3 + 3*j**2/2 - 4*j + 20. Let l(i) = -2*d(i) - 3*k(i). What is l(1)?
1
Suppose 6 = 13*b - 7. Let y(x) = -36*x - 1. Calculate y(b).
-37
Suppose 3*r + 2*r = -5*i + 55, -3*r = -i - 13. Let y(l) = 3*l**3 - 7*l**2 - 8*l + 3. Let f(v) = -v**3 + v**2 + v. Let w(t) = -2*f(t) - y(t). Determine w(r).
-3
Let n(r) = -81 + 129 - r - 71. Calculate n(0).
-23
Suppose 5*r - w = 50, 0*r - 49 = -4*r - w. Suppose v + 3 - 10 = -2*b, 0 = 4*b - 3*v + r. Let f(h) = -6*h + h - 5 + 0*h + b. Give f(-3).
11
Suppose -2*l + 2*x = -7 + 21, 2*x + 6 = 0. Let k(c) = -c**3 - 10*c**2 + 2*c - 10. Give k(l).
-30
Let k(u) = -u + 6. Let t be k(0). Let x(a) be the second derivative of -a**3/6 - 7*a**2/2 - 33*a. Give x(t).
-13
Let j(g) be the third derivative of -7*g**5/60 - 5*g**4/24 + 2*g**3/3 - 36*g**2. Let r(h) = 13*h**2 + 9*h - 8. Let u(n) = 11*j(n) + 6*r(n). Determine u(0).
-4
Let g(l) = -7. Suppose 5 + 1 = 3*d. Let b(w) = -3*w - 3 + 2*w + 0*w + d. Let n(a) = -4*b(a) + g(a). Give n(2).
5
Let c(u) be the second derivative of -u**4/12 + u**2/2 + 22*u - 1. Determine c(-2).
-3
Suppose a + 6 = -10. Let l = -8 - a. Let j(t) = t - 2*t - l - t + t. Give j(-7).
-1
Suppose 161*r = 171*r. Let f(p) = -1 - 4 + 3*p**2 - 2*p**2 + p + 0*p**2. Determine f(r).
-5
Let h(l) = -48 - 74 - l**2 + 117 + 11*l. What is h(5)?
25
Suppose -8 = -6*l - 2. Let k be (5 - (2 - 2))*l. Suppose 0*n + 3*n - k*c - 23 = 0, 4*n - 20 = -4*c. Let h(u) = -u**2 + 9*u - 9. Determine h(n).
9
Let h(d) = -2 + 4 - d**3 + 0 - d + 2*d**2. Suppose 0 = w - 2*g + 1, 2*g = -2*w + 4*g - 2. Let s be (w/4)/((-21)/168). Give h(s).
0
Let f = 55 - 52. Let p(g) = -3 + 4*g + 0 - 3*g + 0*g. Determine p(f).
0
Let l = 10 - 5. Suppose -l*h + 2*k - 2 = 0, -3*k = 3*h + 2*k + 26. Let i(n) be the second derivative of -n**4/12 - 6*n. Give i(h).
-4
Let m(s) = 3*s - 22. Let v be m(-18). Let t = 76 + v. Let j(o) = o**2 + o + 14. Calculate j(t).
14
Let w(n) be the first derivative of 1/24*n**4 + 2 + 1/3*n**3 + 0*n - n**2. Let j(k) be the second derivative of w(k). Determine j(-3).
-1
Let u(l) = 11*l + 1. Let p(d) = d. Let c(y) = 3*p(y) - u(y). Let a(i) = 120*i + 4559. Let s be a(-38). Give c(s).
7
Let y(j) = 2*j - 7. Let k be (0 + 10)/((-3)/(-1) - 5). Let z(m) = 3*m - 8. Let r(i) = k*y(i) + 4*z(i). Determine r(-5).
-7
Suppose -2*x = -3*j + 8, -5*j - 3*x = -5*x - 12. Let h(t) = 2 - t**3 + t**j - 6*t + 6*t**2 - t. Let 